{"id":187,"date":"2025-07-12T12:33:29","date_gmt":"2025-07-12T12:33:29","guid":{"rendered":"http:\/\/skotosphoros.fr\/?page_id=187"},"modified":"2025-07-12T13:10:27","modified_gmt":"2025-07-12T13:10:27","slug":"andromalius","status":"publish","type":"page","link":"https:\/\/skotosphoros.fr\/index.php\/andromalius\/","title":{"rendered":"ANDROMALIUS"},"content":{"rendered":"\n<p><\/p>\n\n\n\n<figure class=\"wp-block-image is-style-rounded\"><img loading=\"lazy\" decoding=\"async\" width=\"640\" height=\"913\" src=\"https:\/\/skotosphoros.fr\/wp-content\/uploads\/2025\/07\/andromalius.webp\" alt=\"\" class=\"wp-image-128\" srcset=\"https:\/\/skotosphoros.fr\/wp-content\/uploads\/2025\/07\/andromalius.webp 640w, https:\/\/skotosphoros.fr\/wp-content\/uploads\/2025\/07\/andromalius-210x300.webp 210w\" sizes=\"auto, (max-width: 640px) 100vw, 640px\" \/><\/figure>\n\n\n\n<div class=\"wp-block-columns is-layout-flex wp-container-core-columns-is-layout-28f84493 wp-block-columns-is-layout-flex\">\n<div class=\"wp-block-column is-layout-flow wp-block-column-is-layout-flow\">\n<p class=\"has-text-align-center\"><em>TASA FUBIN ANDROMALIUS ON CA<\/em><\/p>\n<\/div>\n\n\n\n<div class=\"wp-block-column is-layout-flow wp-block-column-is-layout-flow\">\n<p>Aucun Tr\u00e9sor n&#8217;\u00e9chappe<\/p>\n\n\n\n<p>A celui qui sait<\/p>\n\n\n\n<p>O\u00f9 vont les voleurs<\/p>\n\n\n\n<p><\/p>\n\n\n\n<p><\/p>\n\n\n\n<p><\/p>\n\n\n\n<p class=\"has-text-align-center\"><\/p>\n<\/div>\n<\/div>\n\n\n\n<p><\/p>\n","protected":false},"excerpt":{"rendered":"<p>TASA FUBIN ANDROMALIUS ON CA Aucun Tr\u00e9sor n&#8217;\u00e9chappe A celui qui sait O\u00f9 vont les voleurs<\/p>\n","protected":false},"author":1,"featured_media":0,"parent":0,"menu_order":0,"comment_status":"closed","ping_status":"closed","template":"","meta":{"footnotes":""},"class_list":["post-187","page","type-page","status-publish","hentry"],"_links":{"self":[{"href":"https:\/\/skotosphoros.fr\/index.php\/wp-json\/wp\/v2\/pages\/187","targetHints":{"allow":["GET"]}}],"collection":[{"href":"https:\/\/skotosphoros.fr\/index.php\/wp-json\/wp\/v2\/pages"}],"about":[{"href":"https:\/\/skotosphoros.fr\/index.php\/wp-json\/wp\/v2\/types\/page"}],"author":[{"embeddable":true,"href":"https:\/\/skotosphoros.fr\/index.php\/wp-json\/wp\/v2\/users\/1"}],"replies":[{"embeddable":true,"href":"https:\/\/skotosphoros.fr\/index.php\/wp-json\/wp\/v2\/comments?post=187"}],"version-history":[{"count":6,"href":"https:\/\/skotosphoros.fr\/index.php\/wp-json\/wp\/v2\/pages\/187\/revisions"}],"predecessor-version":[{"id":212,"href":"https:\/\/skotosphoros.fr\/index.php\/wp-json\/wp\/v2\/pages\/187\/revisions\/212"}],"wp:attachment":[{"href":"https:\/\/skotosphoros.fr\/index.php\/wp-json\/wp\/v2\/media?parent=187"}],"curies":[{"name":"wp","href":"https:\/\/api.w.org\/{rel}","templated":true}]}}